e -4*w - 2*p = 2*p + 84, -2*p = -5*w - 119. Let n(s) = -4*s - 32. Let h be n(-16). Let i = h + w. What is the remainder when 13 is divided by i?
4
Suppose 3*r = -2*o + 25, -5*r + 43 = -0*r + 2*o. Let d = -278 - -298. Let y = d - r. Calculate the remainder when y is divided by 6.
5
Suppose -2*t + 3*b - 14 = 0, -5*t = 2*b - 0 - 3. Calculate the remainder when 5/(-3)*(-4)/((-12)/(-45)) is divided by t + 19 + -2 + -2.
11
What is the remainder when (865/15)/((-7)/(-21)*1) is divided by 60?
53
Let r = 2405 + -2391. Calculate the remainder when 441 is divided by r.
7
What is the remainder when 265 is divided by 16404/420 + (-2)/35?
31
Let k(h) = -h**3 + 37*h**2 + 2*h - 47. Let s(c) = c + 14. What is the remainder when k(37) is divided by s(0)?
13
Let n(j) = j + 13. Let z be n(-6). Suppose 0 = z*p - 79 + 30. Calculate the remainder when 33 is divided by p.
5
Suppose -19 = o - 2*i + 7*i, -3 = 5*o + 2*i. What is the remainder when 29 is divided by -4 + 4 + 9/o?
2
Let q = 55 + -11. Suppose 3*p = q + 16. Calculate the remainder when 78 is divided by p.
18
Let n = 191 + -302. Let r = n - -226. What is the remainder when r is divided by 39?
37
Let c = 0 - -4. Calculate the remainder when (-50)/30*(-9 - 0) is divided by c.
3
Let h(f) be the second derivative of 13*f**4/6 + f**3/2 - 11*f**2 - 48*f. What is the remainder when h(3) is divided by 37?
36
Let t = 25 - 9. Suppose 6*z - 3*j - 11 = 2*z, z = -2*j. Suppose 4 = -z*c + t. Calculate the remainder when c is divided by 3.
0
Suppose 2*s + 10 = 2*c, -3*c + 7*s = 2*s - 21. Let o(l) = l**3 + 5*l**2 - 17*l - 14. Calculate the remainder when 25 + (c - 2 - -2) is divided by o(-7).
6
Let i be 193 + ((-16)/(-14) - (-1)/(-7)). Suppose -9*h = 23 - i. Calculate the remainder when 55 is divided by h.
17
Let v(j) = -69*j - 305. What is the remainder when v(-10) is divided by 30?
25
Let z(y) = -4*y**3 + y**2 + 3*y + 3. What is the remainder when 234 is divided by z(-1)?
4
Suppose -v + 5 - 3 = 0. Let w be 27/6*1*v. Suppose u + 1 = w. Calculate the remainder when 15 is divided by u.
7
Suppose -i = 5*a + 3*i - 68, -3*a = i - 38. Suppose -2*o = 3*f - 0*f - 13, 2*f + 3*o - 17 = 0. What is the remainder when f - -35 - (3 - 2) is divided by a?
11
Suppose -3*q + 1360 = 5*x, 5*x + 5*q - 1290 = 80. What is the remainder when x is divided by 52?
9
Let w = 195 - 158. Calculate the remainder when w is divided by 20.
17
Suppose -112*a + 2448 = -10*a. Calculate the remainder when 31 is divided by a.
7
Let y = 145 + -25. Suppose -4*c = -36 - 88. What is the remainder when y is divided by c?
27
Calculate the remainder when 136 is divided by (4/12 + 1)/((-2)/(-27)).
10
Suppose n = -o + 18, 5*n - 30 = -12*o + 11*o. What is the remainder when 46 is divided by o?
1
Let u = 27 + -13. Let z(j) = j**3 - 13*j**2 - 11*j - 12. What is the remainder when 117 is divided by z(u)?
27
Let r(a) = -4*a**2 - 24*a - 4. Calculate the remainder when (126/(-2))/(2/(-2)) is divided by r(-5).
15
Let p(r) = -3*r - 1. Let n be p(-2). Let s(y) = y + 2 - 6*y + 5 - n. Calculate the remainder when 43 is divided by s(-4).
21
Let w be (-2)/4 - (-36)/(-8). What is the remainder when 46 is divided by (-40)/100 + (-62)/w?
10
Calculate the remainder when 123*1*-2*3/(-9) is divided by 3/(4 - (-81)/(-21)).
19
Suppose -2*f + 52 = 2. Let z = f + 10. What is the remainder when z is divided by 19?
16
Let z(b) = 5*b - 41*b**2 + 40*b**2 - 14*b + 20. Calculate the remainder when z(-8) is divided by 11.
6
Let g(o) = o**3 - 3*o**2 - 8. Suppose k + 2*k = -y + 7, -3 = -3*y. Suppose -2 = k*i - 12, -5*u + i = -10. What is the remainder when g(4) is divided by u?
2
Let o be (25/(-10) - -1)*54. Let z = -57 - o. What is the remainder when z is divided by (-59)/(-4) + (-2)/(-8)?
9
Let p = 281 + -152. What is the remainder when p is divided by 12?
9
Let q be (-352)/36 + 2/(-9). Let o be (-6)/q + 94/10. Suppose 0 = -7*s + o*s - 15. What is the remainder when 17 is divided by s?
2
Let y(i) = 4*i**2 + 35*i - 61. What is the remainder when y(-14) is divided by 30?
23
Let y = -344 - -451. Calculate the remainder when y is divided by 16.
11
Let y(g) = -160*g**3 + 13*g**2 - 3*g + 4. Let x(o) = -40*o**3 + 3*o**2 - o + 1. Let r(v) = -9*x(v) + 2*y(v). What is the remainder when 121 is divided by r(1)?
39
Let n(b) = 2*b + 75. Let a(o) = -2*o + 31. Let z be a(24). Calculate the remainder when 79 is divided by n(z).
38
What is the remainder when 32/(-48)*2541/(-14) is divided by 41?
39
Let h = 94 + -86. Let d(u) be the first derivative of u**3/3 - u**2 - 5*u - 2. Calculate the remainder when h is divided by d(4).
2
Suppose -5*r = 2*x - 14, x + 4*r - 13 = -0*x. Let u be (-2)/(3 + x + 1). Let g = u - -29. Calculate the remainder when 79 is divided by g.
25
Suppose 3*v + 3*n - 14 = -5, 4*v + 3 = n. Suppose v = 3*c + 6 + 27. Let o = c + 28. What is the remainder when o is divided by 5?
2
Calculate the remainder when 527 is divided by 18/(-21)*-7 - (-108 - -7).
99
Suppose -2*c = 3*o - 6*o + 12, 0 = -4*o + c + 21. Let s = -48 - -93. Calculate the remainder when s is divided by o.
3
Suppose 0*t + 5*d + 16 = -3*t, t + 3*d + 12 = 0. Suppose 0 = 12*h - t*h - 198. What is the remainder when h is divided by 8?
6
Let m = -150 - -157. What is the remainder when 82 is divided by m?
5
Let p(u) = -u**2 - 23*u - 37. Calculate the remainder when 262 is divided by p(-18).
50
Let z = 71 - 16. Suppose -2*a = p + 3*p - 16, -28 = -2*a + 2*p. What is the remainder when z is divided by a?
7
Let i = -28 + 32. Suppose 0 = -2*y + q + 40, 2*y + i*q = 7*y - 103. Let w(m) = -26*m + 2. What is the remainder when w(-2) is divided by y?
16
Let v be (-20)/4*(-8)/(-10). Let p be 3*15/4*v. Let i = -26 - p. Calculate the remainder when 71 is divided by i.
14
Let n = 984 - 904. What is the remainder when n is divided by 17?
12
Let m(p) be the first derivative of -p**2/2 + 2. Let o be m(-8). Calculate the remainder when 29 is divided by (-110)/(-7) - o/(-28).
13
Let d(i) = -6*i + 13. Let z be d(5). Let m = z - -35. Calculate the remainder when (-1 - -53)/(3 + -2) is divided by m.
16
Let v be 0 - ((0/4)/3 + -2). Suppose v*y - 7*y + 100 = 0. Calculate the remainder when 55 is divided by y.
15
Suppose -5*j + 268 = -4*r, -3*j = -6*j + r + 165. Calculate the remainder when j is divided by 16.
8
Let q(g) = -g + 65. What is the remainder when q(6) is divided by ((-4)/(-5))/(392/(-200) - -2)?
19
Let j(d) = 7*d + 2. Let f(s) = 3*s + 17. Suppose -15 = -4*r - 4*l + 9, 0 = -5*r + 5*l + 10. What is the remainder when f(r) is divided by j(2)?
13
Suppose 2*k - 5 = -a, -a + k - 2 = -10. Let c = -59 - -85. Calculate the remainder when c is divided by a.
5
Suppose 4*u + 2*l - 129 = 355, 0 = -2*u + 3*l + 242. Calculate the remainder when u is divided by 48.
25
Let u = -136 + 138. Let f(r) = -3*r - 3. Let g be f(-2). Suppose 0 = g*o + u*o - 185. Calculate the remainder when o is divided by 13.
11
Let f(v) = -5*v + 10. Suppose -5*o + 14 = s, -2*o + 12*s - 17*s = -1. Calculate the remainder when f(-10) is divided by o.
0
Suppose 5*g = -5*p + 30, -2*g + 1 = -5*p + 6*p. What is the remainder when 516 is divided by p?
10
Let q(l) = 106*l - 180. What is the remainder when 139 is divided by q(2)?
11
Suppose -3*u + 89 = -256. Suppose -287 = -2*g - u. What is the remainder when g is divided by 22?
20
Let p(g) = -g**3 + 11*g**2 - 4*g - 5. Suppose 7*h - 60 = h. Suppose j = h*w - 8*w + 19, 123 = 5*j + 4*w. Calculate the remainder when p(4) is divided by j.
22
Suppose -3*y = v, -4*v + y + 5 = -34. Let k(s) = -s**2 + 2*s + 10. Let a be k(0). Calculate the remainder when v is divided by ((-4)/(-6))/(a/45).
0
Let g(m) = 179*m**2 + 4*m - 3. Let h be g(1). What is the remainder when 57 is divided by 94/8 - 9/h*-5?
9
Let f(l) = 2*l + 17 + 18 - 36. What is the remainder when 23 is divided by f(7)?
10
Let i = 59 - 42. Suppose 2*v - i = -2*a + 5*a, -4*v + a = -39. Calculate the remainder when v is divided by (8/(-10))/((-2)/10).
2
Let g = 1661 - 1638. Calculate the remainder when 103 is divided by g.
11
Suppose -9*w + h + 74 = -4*w, 5*h = 18*w - 265. Calculate the remainder when 732 is divided by w.
12
Calculate the remainder when 31 is divided by 1/(5 - 495/100).
11
Let w = -289 - -309. Calculate the remainder when 138 is divided by w.
18
Let p(r) = 3*r + 13. Let h be p(16). Let i 